 + -5 + 7).
-3
What is -2 + (-76 - -72 - (-1 + 1))?
-6
-2 + (1 - 2) + (0 - -5)
2
0 + 1 - -9 - 6
4
What is the value of 3 - -1 - (-8 + -2 + 9)?
5
What is the value of -9 + -6 + 12 + 1 + -3?
-5
Calculate -3 + -1 + (4 - 2).
-2
Calculate 1 - ((0 - -3) + -2).
0
Calculate 7 + (2 - 6) + 0.
3
Calculate 6 - -5 - (23 - 22).
10
Evaluate (-69 - -64) + 0 + 5.
0
What is (-10 - -4) + (-4 - -6)?
-4
What is the value of 0 + -4 + (9 - -3) + -3?
5
Calculate 0 + 1 - (9 - 7).
-1
What is 10 + (-18 - -8) + 9?
9
What is 117 - 112 - (6 - 0 - 0)?
-1
What is (3 - 1) + (2 - 0) + -1?
3
Evaluate -8 + -6 + 12 + -3 - -1.
-4
What is -4 + 5 + -21 + 14?
-6
8 + -7 - (10 + -6)
-3
Calculate 6 - (6 - (4 - (-1 + 4))).
1
What is the value of 0 + 6 - 16 - -8?
-2
Calculate 1 + -5 - (1 - 7).
2
Calculate -7 + (5 - -1) + 6.
5
What is the value of 1 - (-3 + 2) - -1?
3
Calculate -2 + 5 + -2 - -3.
4
What is (9 + -5 - 8) + 3?
-1
What is the value of -7 + (3 + 8 - 3)?
1
What is the value of -7 - -18 - (11 - 6) - 1?
5
4 + (1 - (-1 - (-9 - 0)))
-3
What is 5 - 9 - (-3 + 4)?
-5
What is the value of 13 + -33 - (2 - 11)?
-11
What is the value of 5 - (-2 - (2 + 0 - 5))?
4
Evaluate -1 - (-1 - (-5 + 3)) - -7.
5
-12 - (-13 - (6 - 15))
-8
What is 0 + 7 + 0 - 13?
-6
What is (-3 - -1) + 1 + 3 + -4?
-2
Calculate (8 - 6) + 4 + -1.
5
What is the value of (-8 - -14) + (-7 - 0)?
-1
What is (5 + -4 - -4) + -4?
1
Calculate 0 + (2 - 3) + 0.
-1
What is the value of -4 - (0 - (0 + 3))?
-1
What is -2 - (-7 - (6 - 6))?
5
What is the value of (1 + -1 - -7) + -3 - 3?
1
What is the value of 6 + (-5 + 6 - 2)?
5
Evaluate -13 + 13 - (14 - (9 + -3)).
-8
What is the value of (-2 - 2 - 0) + 1?
-3
What is 0 + -2 - (-4 - (0 - 1))?
1
Calculate (-5 - -3) + 3 + 4.
5
What is the value of 4 + 1 + -17 + 8?
-4
What is the value of (9 - (2 + 0)) + -1 + -3?
3
0 - (1 + -7 + 1)
5
Evaluate (-4 - 0) + (5 - -3).
4
What is the value of 2 - (-3 + -7 + (23 - 3))?
-8
Calculate -5 + (-1 - -1 - -6).
1
What is the value of 3 + (5 - (9 - 6 - 0))?
5
6 + (-2 - -2) + (0 - 3)
3
12 + -2 + -1 - 11
-2
What is 2 + -7 - (1 + -13 + 4)?
3
What is -3 - (4 - 1 - 7) - 2?
-1
What is the value of -6 - (-7 + -7 + 12)?
-4
Calculate -7 + 3 + (-2 - -6) + 2.
2
(6 - 3) + -8 + 8 + -2
1
0 - (-3 - (-10 + 8))
1
What is -7 - ((1 - -4) + -10)?
-2
What is the value of 5 + (1 - -1 - 3 - -1)?
5
4 + (2 - (0 - -4)) - -1
3
Evaluate (-1 - -2 - -9) + (11 - 17).
4
Evaluate (1 - 2 - 0) + (30 - 25).
4
Calculate 20 + -15 + -5 + (2 - 0).
2
Evaluate 2 + 1 - (0 - (2 - 2)).
3
Evaluate (4 - (10 + -3)) + (1 - -3).
1
What is the value of -7 + (-4 - -3) - -12?
4
What is the value of 10 + (-6 - -2) + 0?
6
Evaluate -2 + (-9 + 6 - -8).
3
Calculate 8 - ((6 - 2) + -9 - -6).
7
What is 5 + -4 + -1 + (1 - 6)?
-5
Evaluate 1 - 2 - (-4 - (-3 - 5)).
-5
0 - (6 - 13 - -6)
1
Evaluate 4 + (1 - (2 - 7)).
10
What is the value of 1 - (1 + 4 + -9) - 0?
5
What is -10 - (-19 - 3 - -8)?
4
What is 4 - (3 + (-6 - -8))?
-1
Evaluate 7 - (2 + -4 - -11).
-2
What is (7 - 2) + -3 + -3?
-1
What is the value of 15 + -14 - (2 + 2 + 0)?
-3
What is the value of -42 + 43 + (4 - -1)?
6
What is -8 - (6 - (12 + 10))?
8
Evaluate 0 - ((-2 - -1) + 21 + -16).
-4
Evaluate (-5 - (0 - (2 + 0))) + 0.
-3
-8 - -4 - -8 - 1
3
What is (16 - (-8 - -21)) + (-4 - -1)?
0
What is the value of 11 + (0 - -3 - 9)?
5
What is (4 - (10 - 2)) + 1?
-3
What is the value of -5 + 1 - (7 - 4)?
-7
Calculate 1 - 6 - (-23 - -19).
-1
(6 - 5 - 3) + 0 + -2
-4
3 + 13 + -10 + -9
-3
What is the value of -7 + 0 + 37 + -29?
1
Calculate 4 - (0 + 1 + -1).
4
9 + 1 + (4 - 11)
3
Evaluate -4 + 1 + -17 + 21.
1
What is the value of (-1 - 1) + -82 + 80?
-4
What is the value of -2 + 7 + (7 - 8)?
4
Evaluate -9 - -6 - (18 - 14).
-7
What is the value of 2 - (2 + (7 - 5))?
-2
Calculate -1 + 2 + 2 + -4 + 4.
3
What is 4 - -1 - -1 - (-131 - -134)?
3
What is the value of 7 - 4 - 4 - 3?
-4
-3 + 1 + (7 - 8) + 9
6
What is the value of (-6 + -3 - -8) + (-1 - 8)?
-10
Calculate 12 + (-7 - 7) + 12.
10
Calculate 1 - (9 + -10) - -5.
7
What is the value of 6 - (7 + (-3 - 0))?
2
Calculate -1 + 1 + -1 + 1 + 5.
5
Calculate 3 - (4 + -5) - 4.
0
What is -1 - (-1 + 4 + -7)?
3
-19 + 9 - -12 - 2
0
Calculate 4 + 3 + -3 + 3 + -5.
2
What is -6 - (-8 + -5 + 3)?
4
Evaluate -2 + (1 - (7 - (1 + 1))).
-6
What is the value of 3 + -21 + 26 + -4 + 0?
4
What is the value of (3 - -6) + -4 - 2?
3
Calculate -5 - (-4 + -6 + 8).
-3
-1 - (1 + -3 + -3 + -2)
6
Evaluate 5 + -2 + (-5 - 0).
-2
What is the value of 2 + (-2 - (6 + -9))?
3
What is 0 + 0 + 5 + -9?
-4
(-12 - -3) + -2 - -5
-6
What is 6 - (-13 + 13) - (-1 + 16)?
-9
What is the value of -1 + 5 + 22 + -9 + -24?
-7
What is 0 - (-6 - -13) - -2?
-5
What is the value of -1 + -3 + (10 - (-13 + 14))?
5
What is -7 - (0 - -2 - (6 - 2))?
-5
Evaluate 11 + (-11 - (-3 - -1)).
2
What is the value of -3 + (-6 - -5) + (9 - 3)?
2
3 - (-1 - (0 + -4))
0
What is -2 + -4 + -15 + 12?
-9
What is -2 + 1 + -2 + -2 - -9?
4
What is the value of -6 + (17 + -4 - 9)?
-2
-8 + 6 + (1 - 0)
-1
Evaluate -1 + 2 - 3 - (2 - 1).
-3
Calculate (0 - -1) + -8 + 4.
-3
Calculate -5 - (-5 - (1 - 6)).
-5
3 + (10 - 4) + -11
-2
Calculate 4 - 11 - ((4 - -3) + -9).
-5
(-10 - -7) + (5 - 2) + 2
2
Calculate 8 + -18 + 5 + 5.
0
What is the value of 1 + -3 + (11 - 12 - -1)?
-2
What is the value of 1 + (1 - 5) + 7?
4
Evaluate 8 + (-8 - 2) + 0.
-2
10 - (4 + (5 - 4))
5
What is the value of -7 + (4 - 0) - -1 - -5?
3
Calculate (1 - (5 + -8)) + -1.
3
Calculate 0 + 4 + -3 + 3.
4
-14 + 8 + 3 + 0
-3
Evaluate -4 + 0 + 17 + -7 + -11.
-5
Evaluate 1 - 2 - 1 - (-37 + 39).
-4
(-1 - 13 - -1) + (117 - 110)
-6
What is the value of (5 - (1 + (-5 - -4))) + -5?
0
What is the value of -2 - (-7 + 0 - 0)?
5
-3 - (2 - 3) - (-4 - 3)
5
Evaluate 0 - (-2 + 4) - (-15 + 20).
-7
Evaluate (3 - 13 - (16 + -21)) + 4.
-1
Evaluate 27 + -22 + -1 + 0.
4
Evaluate -4 - (-9 - -3 - -2).
0
Calculate -13 + (1 + 10 - (-52 + 56)).
-6
What is -3 - ((3 - 0) + -7)?
1
What is 5 + 2 + (-12 - -14)?
9
-24 + 5 + 10 - -11
2
Evaluate 1 - (-2 - ((-3 - -5) + -9)).
-4
Evaluate -9 + (8 - (11 - 20)).
8
(-6 - -7) + 10 + -9
2
What is the value of -8 - -1 - -2 - (-113 + 112)?
-4
Evaluate 13 - (-22 - -23 - (0 + -4)).
8
0 - (10 - 2) - (186 - 191)
-3
Evaluate 3 + -4 - 4 - (-2 + 3).
-6
What is the value of (-11 - 2) + -27 + 35?
-5
What is the value of 2 + (0 - 5) + 8?
5
What is the value of 2 + (11 - (2 - -4))?
7
(0 - (-1 - 0)) + 3 + -5
-1
What is the value of 24 - 8 - 10 - 12?
-6
Evaluate (-7 - (-7 - -4)) + (1 - -3).
0
Calculate 14 - 8 - (3 - (7 + -5)).
5
Calculate (1 - 1) + (6 - 3).
3
Evaluate -6 - -8 - 3 - 16 - -7.
-10
Evaluate 4 + -3 - (-11 + (9 - 2)).
5
What is the value of -1 + -2 - (-2 + 3)?
-4
Evaluate 3 + -11 - (8 + -13).
-3
Calculate -7 + 8 + (0 - 1) + 1.
1
What is -6 + 5 - 3 - -2?
-2
Calculate 9 - (-2 - (-2 + -16)).
-7
Calculate 2 - (4 - (8 - 9)).
-3
Calculate -8 + 6 + -4 + 6.
0
Calculate 6 + (-15 + 5 - 5).
-9
What is 0 + -8 - (-7 + -2 + 7)?
-6
1 + 5 + -7 - -1
0
(-1 + 1 - 5) + (218 - 218)
-5
What is -3 - (-4 + 1) - -5?
5
What is -1 + (12 - 0) - (318 - 312)?
5
Calculate (-8 - (7 + -25)) + -3.
7
Calculate (4 - 5) + 1 + -1.
-1
Calculate (7 - (5 - 2)) + -2.
2
3 - (14 + (2 - 4))
-9
(1 - 7) + 0 + 1 - -3
-2
What is (-1 - -5) + 3 + -2?
5
Calculate 6 + -4 + -6 + 1 + 0.
-3
What is the value of -2 + -1 + 6 - (-1 - -5)?
-1
Evaluate 4 - ((-6 - (-5 + -6)) + -3).
2
8 + 0 + -13 + 8
3
Evaluate 41 + -37 + (-6 - (2 + -2)).
-2
1 - (-1 + -2 - -1)
3
What is (-5 + 1 - -11) + -2?
5
What is the value of -3 + 9 - 2 - -1?
5
-8 + 4 - (3 - 2)
-5
What is 8 - (-3 + (-3 - -9))?
5
Evaluate (2 - (-10 + 9)) + -5.
-2
What is the value of (7 - 8) + -6 + 3?
-4
What is the value of -1 + 2 - (12 + -8) - -6?
3
7 - (0 - 2) - 5
4
Evaluate 13 - (6 + 13 + -17).
11
What is the value of -4 + 3 + (-5 - -9) - -5?
8
What is the value of 0 - -10 - (-15 + 28)?
-3
What is -2 - (9 - 8 - 6)?
3
Calculate 30 - 27 - (4 - (0 + 0)).
-1
What is 1 + 1 - 0 - (-3 + 1)?
4
What is the value of (-1 - (2 + -3)) + (3 - 4)?
-1
What is (-15 - -7) + 2 + 3?
-3
What is 1 - 2 - ((-6 - -11) + -5)?
-1
Calculate (19 - 19) + 0 + 7 - 3.
4
Evaluate 10 - (7 - -13 - 5).
-5
Calculate 0 + 7 + (-11 - -9).
5
What is 3 + (-3 - (-10 + 4))?
6
What is the value of -4 + -1 + -6 - -12?
1
2 - (11 + (4 - (6 + 0)))
-7
Calculate (-7 - (-27 - -11)) + -12.
-3
What is 2 + -5 - -7 - 